 the hundreds digit of 4347?
3
What is the ten thousands digit of 21522?
2
What is the ten thousands digit of 34648?
3
What is the thousands digit of 10884?
0
What is the hundreds digit of 2743?
7
What is the tens digit of 91780?
8
What is the units digit of 3343?
3
What is the tens digit of 30071?
7
What is the units digit of 139?
9
What is the thousands digit of 6003?
6
What is the tens digit of 41405?
0
What is the hundreds digit of 3887?
8
What is the ten thousands digit of 127868?
2
What is the hundreds digit of 4133?
1
What is the tens digit of 21947?
4
What is the units digit of 30183?
3
What is the ten thousands digit of 37700?
3
What is the thousands digit of 3770?
3
What is the thousands digit of 4285?
4
What is the units digit of 96?
6
What is the hundreds digit of 958?
9
What is the tens digit of 817?
1
What is the hundreds digit of 96457?
4
What is the hundreds digit of 1371?
3
What is the units digit of 3833?
3
What is the units digit of 2167?
7
What is the hundreds digit of 2684?
6
What is the thousands digit of 7551?
7
What is the thousands digit of 20068?
0
What is the thousands digit of 19005?
9
What is the units digit of 2576?
6
What is the thousands digit of 34273?
4
What is the units digit of 10596?
6
What is the hundreds digit of 3926?
9
What is the thousands digit of 1313?
1
What is the hundreds digit of 1233?
2
What is the thousands digit of 13151?
3
What is the hundreds digit of 27926?
9
What is the thousands digit of 22687?
2
What is the units digit of 7292?
2
What is the tens digit of 1440?
4
What is the tens digit of 24?
2
What is the ten thousands digit of 12526?
1
What is the tens digit of 19117?
1
What is the thousands digit of 37533?
7
What is the thousands digit of 55642?
5
What is the units digit of 76347?
7
What is the tens digit of 19537?
3
What is the tens digit of 13440?
4
What is the hundreds digit of 2710?
7
What is the tens digit of 37560?
6
What is the units digit of 310?
0
What is the hundred thousands digit of 142813?
1
What is the units digit of 8163?
3
What is the hundreds digit of 2031?
0
What is the units digit of 17228?
8
What is the ten thousands digit of 106906?
0
What is the hundreds digit of 1220?
2
What is the hundreds digit of 662?
6
What is the tens digit of 2134?
3
What is the tens digit of 2887?
8
What is the thousands digit of 28950?
8
What is the units digit of 2070?
0
What is the hundreds digit of 4042?
0
What is the hundreds digit of 45622?
6
What is the tens digit of 9761?
6
What is the thousands digit of 29758?
9
What is the hundreds digit of 39397?
3
What is the thousands digit of 1407?
1
What is the tens digit of 23479?
7
What is the units digit of 11090?
0
What is the tens digit of 557?
5
What is the tens digit of 611?
1
What is the hundreds digit of 2292?
2
What is the hundreds digit of 4938?
9
What is the tens digit of 1492?
9
What is the tens digit of 20404?
0
What is the hundreds digit of 8791?
7
What is the units digit of 71?
1
What is the ten thousands digit of 69394?
6
What is the thousands digit of 1012?
1
What is the units digit of 10204?
4
What is the hundreds digit of 8718?
7
What is the thousands digit of 1063?
1
What is the units digit of 4273?
3
What is the thousands digit of 145688?
5
What is the units digit of 802?
2
What is the units digit of 9534?
4
What is the ten thousands digit of 20787?
2
What is the ten thousands digit of 178852?
7
What is the thousands digit of 2500?
2
What is the hundreds digit of 316?
3
What is the units digit of 343?
3
What is the hundreds digit of 70243?
2
What is the tens digit of 186?
8
What is the units digit of 4534?
4
What is the ten thousands digit of 103652?
0
What is the thousands digit of 11023?
1
What is the thousands digit of 6783?
6
What is the thousands digit of 2595?
2
What is the tens digit of 904?
0
What is the thousands digit of 17141?
7
What is the hundreds digit of 10984?
9
What is the hundreds digit of 929?
9
What is the units digit of 9806?
6
What is the hundreds digit of 3505?
5
What is the units digit of 1348?
8
What is the units digit of 1442?
2
What is the tens digit of 1698?
9
What is the tens digit of 3371?
7
What is the thousands digit of 1798?
1
What is the hundreds digit of 1039?
0
What is the units digit of 25947?
7
What is the units digit of 610?
0
What is the hundreds digit of 1062?
0
What is the thousands digit of 2020?
2
What is the tens digit of 3721?
2
What is the ten thousands digit of 20371?
2
What is the tens digit of 1792?
9
What is the units digit of 41024?
4
What is the thousands digit of 3075?
3
What is the tens digit of 18263?
6
What is the units digit of 20271?
1
What is the tens digit of 19014?
1
What is the hundreds digit of 8590?
5
What is the thousands digit of 1929?
1
What is the ten thousands digit of 14364?
1
What is the units digit of 25306?
6
What is the hundreds digit of 39410?
4
What is the units digit of 1181?
1
What is the tens digit of 9067?
6
What is the thousands digit of 2004?
2
What is the hundreds digit of 13889?
8
What is the units digit of 6530?
0
What is the hundreds digit of 348?
3
What is the units digit of 2585?
5
What is the units digit of 2869?
9
What is the tens digit of 8755?
5
What is the units digit of 5254?
4
What is the tens digit of 7393?
9
What is the thousands digit of 121853?
1
What is the thousands digit of 11548?
1
What is the thousands digit of 28765?
8
What is the units digit of 93?
3
What is the units digit of 500?
0
What is the tens digit of 1195?
9
What is the tens digit of 53553?
5
What is the units digit of 854?
4
What is the units digit of 16086?
6
What is the hundreds digit of 57590?
5
What is the tens digit of 41903?
0
What is the thousands digit of 22280?
2
What is the tens digit of 7028?
2
What is the hundreds digit of 1558?
5
What is the tens digit of 1866?
6
What is the units digit of 7427?
7
What is the hundreds digit of 2565?
5
What is the hundreds digit of 546?
5
What is the thousands digit of 1302?
1
What is the tens digit of 4179?
7
What is the hundreds digit of 336?
3
What is the tens digit of 846?
4
What is the tens digit of 36300?
0
What is the tens digit of 15453?
5
What is the tens digit of 122680?
8
What is the thousands digit of 69824?
9
What is the thousands digit of 2929?
2
What is the tens digit of 16882?
8
What is the hundreds digit of 543?
5
What is the hundreds digit of 2353?
3
What is the units digit of 152?
2
What is the tens digit of 15540?
4
What is the units digit of 158?
8
What is the units digit of 4193?
3
What is the tens digit of 11416?
1
What is the units digit of 5871?
1
What is the hundreds digit of 2727?
7
What is the units digit of 1436?
6
What is the hundreds digit of 916?
9
What is the thousands digit of 5269?
5
What is the thousands digit of 3745?
3
What is the hundreds digit of 1764?
7
What is the units digit of 22501?
1
What is the units digit of 1358?
8
What is the hundreds digit of 20730?
7
What is the thousands digit of 5049?
5
What is the units digit of 173544?
4
What is the hundreds digit of 2753?
7
What is the tens digit of 1659?
5
What is the units digit of 29050?
0
What is the thousands digit of 50732?
0
What is the thousands digit of 1075?
1
What is the units digit of 17035?
5
What is the tens digit of 25782?
8
What is the thousands digit of 2339?
2
What is the tens digit of 178?
7
What is the units digit of 9030?
0
What is the tens digit of 196?
9
What is the hundreds digit of 4398?
3
What is the tens digit of 10213?
1
What is the thousands digit of 29087?
9
What is the tens digit of 4170?
7
What is the hundreds digit of 237?
2
What is the thousands digit of 104406?
4
What is the units digit of 2619?
9
What is the units digit of 9832?
2
What is the hundreds digit of 6481?
4
What is the thousands digit of 2537?
2
What is the units digit of 91678?
8
What is the ten thousands digit of 27038?
2
What is the thousands digit of 4076?
4
What is the thousands digit of 5520?
5
What is the tens digit of 118?
1
What is the units digit of 8150?
0
What is the units digit of 76056?
6
What is the ten thousands digit of 44606?
4
What is the tens digit of 4001?
0
What is the hundreds digit of 1053?
0
What is the tens digit of 14826?
2
What is the units digit of 36018?
8
What is the ten thousands digit o